4*o + 26 = -h - 4*h, -2*o + 4*h = -16. Suppose -14*n + 306 = o*n. List the prime factors of n.
17
Let s be ((-81)/108)/(1/232). What are the prime factors of (11 - s/(-18))/(2/726)?
2, 11
Let m(u) be the first derivative of -u**4/4 + 23*u**3/3 + 9*u**2/2 + 31*u + 28. What are the prime factors of m(22)?
23, 31
Let u(q) = 3*q + 77. Let j be u(-24). Suppose c - j*c = -8. Suppose -c*d = 2*i - 7*i + 638, -4*i + 2*d = -512. What are the prime factors of i?
2, 3, 7
Let d(m) be the first derivative of 83*m**3 + m**2 - m - 186. What are the prime factors of d(-2)?
991
Suppose r = -7*r + 16. Let u be (r/(-6))/(236/(-78) - -3). Let k = 68 - u. List the prime factors of k.
5, 11
Let n(h) = -86*h + 198. What are the prime factors of n(-51)?
2, 3, 191
Let t(o) = -72*o - 16 - 20*o + 13*o - 42*o + 20*o. Suppose 4*x + 2*v + 14 = 0, -v = 3*x - 4*v - 3. What are the prime factors of t(x)?
2, 3, 31
List the prime factors of (-17598)/(-105) - (-5)/(25/(-3)).
167
Suppose 2*k + s - 5*s - 518 = 0, 5*k - s - 1250 = 0. Suppose 0 = 9*u - 6*u - 4*d - k, 12 = -4*d. List the prime factors of u.
79
Let w = 852 + -2470. Let h = -899 - w. List the prime factors of h.
719
Suppose -22*o - 2666695 = -118*o - 49*o. List the prime factors of o.
53, 347
Let n(t) = -456*t + 4171. List the prime factors of n(-13).
10099
Suppose -5265 = -15*j + 3555. Suppose 0 = 5*v - o - j, 2*o + 58 = 62. What are the prime factors of v?
2, 59
Let f(s) = s**2 - s + 1. Let l be f(1). Suppose 4*i - w = -1, -l = -2*i - 2*w + w. List the prime factors of (i - -1)*(4/(-4) - -44).
43
Let b = 622 + -618. Suppose -10584 = b*h - 16*h. List the prime factors of h.
2, 3, 7
Let w(i) = -6*i - 66. Let j = -36 + 25. Let l be w(j). Suppose l = 5*k - 9*k + 420. List the prime factors of k.
3, 5, 7
Let z = 13910 - 673. List the prime factors of z.
7, 31, 61
Let h = 47 - 44. Suppose 2*w = -2*j - 3*j + 26, -39 = -h*w + 4*j. Suppose 2*i = -l + 45, l - 53 = -3*i - w. What are the prime factors of l?
5, 11
Suppose 3*p - 5*t = 1171, 0*p - 4*p - 3*t = -1600. Let g = p - 245. List the prime factors of g.
2, 19
Suppose -3*r - 863 + 98 = 0. Let w = -194 - r. What are the prime factors of w?
61
Let a(z) = 52*z + 4. Let h be a(-2). Let p be h/40*232/(-1). Suppose 5*k + 0 = p. List the prime factors of k.
2, 29
Let z be ((-23)/(-3))/(12/(-180)). Let i be -2*3/6*(-2 - z). Let p = -45 - i. List the prime factors of p.
2, 17
Let s(q) = 2*q + 33. Let b be s(-10). Let r be (0 - 0/(-5))/1. Suppose -l + b + 15 = r. What are the prime factors of l?
2, 7
Let g = -108 - -112. Suppose 6 = g*x - 2. Suppose x*d + 70 = a + a, 4*d - 133 = -3*a. List the prime factors of a.
3, 13
Suppose 13571 - 50413 = -26*t. Suppose -2*l = 173 - t. List the prime factors of l.
2, 311
Let n = 4085 + 13113. What are the prime factors of n?
2, 8599
Suppose -73*t + 206*t - 45752 = 0. List the prime factors of t.
2, 43
Let a = -1210 + 2176. Suppose 0 = -971*q + a*q + 2090. What are the prime factors of q?
2, 11, 19
Suppose 3667*m - 3663*m - 21304 = 0. What are the prime factors of m?
2, 2663
Let b = 49435 + 8867. List the prime factors of b.
2, 3, 41, 79
Let p(z) = z**2 - 7*z + 9. Let s be p(16). Let m = 801 - s. What are the prime factors of m?
2, 3
Suppose -5137 = -3*l - 229. Suppose l = 4*t - r - 2062, 10 = -5*r. List the prime factors of t.
2, 3, 7, 11
Suppose 31 = 5*h + 6. Suppose h*w - y + 0*y = 970, -4*y = 0. What are the prime factors of w?
2, 97
Suppose 4*b + 26 = -n, -n - 2*b - 6 - 12 = 0. What are the prime factors of (-25)/n + 4/(-8)?
2
Let t be ((-20)/(-15))/((-4)/(-18)). What are the prime factors of (2 - 8/t) + 973/3?
5, 13
Suppose 0 = -11*r + 5*r + 60. Suppose 0 = -4*f - 5*i - 162, -5*f - 4*i = -r*f - 182. Let v = f + 111. What are the prime factors of v?
73
Let i(f) = -f**3 - 5*f**2 + 12*f + 14. Let b(x) = -x**3 - 6*x**2 + 12*x + 14. Let n be b(-7). Let a = 13 + n. List the prime factors of i(a).
2, 5, 11
Suppose -s = 2*l - 4345, 0 = -3*l - 5*s + 4369 + 2131. What are the prime factors of l?
3, 5, 29
Let a = 69550 - 41447. What are the prime factors of a?
157, 179
Let q = 461 - -184. Let y = -458 + q. What are the prime factors of y?
11, 17
Let v be 7/1*(-6 + (-188)/(-28)). Suppose -s - 3*c = -119 - 19, v*c - 434 = -3*s. What are the prime factors of s?
3, 17
Suppose 2*q = m + 40230 - 3480, 0 = -3*q + 4*m + 55135. What are the prime factors of q?
19, 967
Let c = 9728 - -9717. List the prime factors of c.
5, 3889
List the prime factors of 13 - (-9376)/8 - 14.
1171
Let d = 104 + -109. Let o(m) = 2*m**2 + 7*m - 12. Let t be o(d). Suppose t*z = 5*z - 156. What are the prime factors of z?
2, 3, 13
Suppose -2*w - 201952 = -5*m, 3*m + 5*w - 155757 + 34623 = 0. List the prime factors of m.
2, 23, 439
Let j = 11230 + -7339. List the prime factors of j.
3, 1297
Let n be 9332/4 + (-3 - -1). Suppose -10*m + n = -559. List the prime factors of m.
17
Let v(f) = f**3 + 5*f**2 - 9*f - 11. Let t be v(-6). Suppose -t*j - 42 = -j. Let b = j + 57. What are the prime factors of b?
2, 5
Let y(g) = 287*g**2 - 2*g - 1. Let d = -14 + 13. What are the prime factors of y(d)?
2, 3
Suppose 9*l - 32 = 103. Let k be (54/l)/((-4)/600*-1). Suppose 3*t = -5*j + k, -4*j + t + 400 = -3*t. What are the prime factors of j?
3, 5, 7
Let f(s) = 17*s**2 - 2*s - 18*s**2 - 4*s. Let u be f(-5). Suppose u*g + 154 + 16 = 3*b, 2*g - 218 = -4*b. What are the prime factors of b?
5, 11
Let c(f) = -28*f**3 + 3. Let a be c(2). Let x be (15/(-6) + -3)*(59 + -1). Let v = a - x. What are the prime factors of v?
2, 7
Let f = -34 - -37. Suppose 3*k - 42 = -2*k + f*i, -3*k = 3*i - 6. Suppose 426 + 318 = k*w. What are the prime factors of w?
2, 31
Suppose -375*o = -217*o - 453302. List the prime factors of o.
19, 151
Let s(v) = -3*v**3 - v**2. Let c be s(-1). Let k be (17 - -84) + -3 + c/2. Suppose p = -3*w + k, w + 2*w - 483 = -5*p. List the prime factors of p.
2, 3
Suppose 0 = -225*g + 113*g + 111*g + 1815. What are the prime factors of g?
3, 5, 11
Suppose -10 + 15 = -w, -3*k - 5*w = -96428. What are the prime factors of k?
3, 7, 1531
Suppose 3*d = -5*m - 689, 0 = -4*m - 4*d + 5*d - 541. Let o = m - -128. Let l(s) = 4*s**2 + 10*s - 2. What are the prime factors of l(o)?
2, 3, 29
Let u(b) = b**3 - 2*b**2 + 3*b - 2. Let m be u(2). Suppose -3*w + 14*x = 9*x - 1456, 0 = -w + m*x + 483. What are the prime factors of w?
487
Let m = -14171 - -14713. List the prime factors of m.
2, 271
Let u(n) = -n**3 - 6*n**2 + 9*n + 14. Suppose 23 - 2 = -3*j. Let d be u(j). Suppose -c + 19 + 3 = d. List the prime factors of c.
2, 11
Suppose 24088 - 1120 = 4*h - 4*l, -4*l = 3*h - 17219. List the prime factors of h.
5741
Suppose i - 5 = -3. Let q be ((35/5)/21)/(2/(-3690)). What are the prime factors of (-2 - i*20/(-24))*q?
5, 41
Let v = 1849 + -1246. Let m = v + 38. List the prime factors of m.
641
Let l(h) = 3883*h**3 + 4*h**2 - 38*h + 64. What are the prime factors of l(2)?
2, 3, 863
Suppose 2*l = 168 - 182. List the prime factors of 1*(-3071)/l + (-14)/(-49).
439
Let d = 130 + -104. Let u be (2 + (-7 - -3))*1. List the prime factors of 1 - (d/u + 4).
2, 5
Let f(x) = 22 - 61 + 0 + 5*x. Let c be f(6). Let o = 141 - c. What are the prime factors of o?
2, 3, 5
Suppose -2*w + 47533 = 5*p, -16*p + 19*p + 4*w = 28531. What are the prime factors of p?
5, 1901
Suppose 0 = 2*b - 2*k + 9 + 9, 0 = -k. Let p(f) be the first derivative of f**3/3 + 11*f**2/2 + 21*f - 1. List the prime factors of p(b).
3
Let a(u) = -26*u - 80. Let l be a(-13). Suppose 9*f = 12*f - l. What are the prime factors of f?
2, 43
Let f(l) = l**3 + 18*l**2 + 53*l + 77. List the prime factors of f(-12).
5, 61
Suppose 129*h = 165*h - 1723968. What are the prime factors of h?
2, 41, 73
Let h = 206 - 203. Suppose h*b - 1541 = i, -4*b - 3*i - 1049 = -3108. List the prime factors of b.
2, 257
Suppose -4*i - 3*f = 0, 8*f = 4*i + 6*f. Let o be -1*(0 + i)*(-7)/(-14). Let k(h) = -h**3 - h**2 - 2*h + 81. List the prime factors of k(o).
3
Let g = -1173 + 132. Let o = g - -1485. Suppose -r + 96 = 2*y - 5*y, -3*y + o = 5*r. List the prime factors of r.
2, 3, 5
Let m = -1211 + 1768. Suppose m = 13*z - 1926. What are the prime factors of z?
191
Let h = -15 - -22. Suppose -u - 1170 = -h*u. Let d = u - 110. List the prime factors of d.
5, 17
Let p(z) = -z**3 + 11*z**2 - 3*z - 32